rime factors of 80898.
2, 3, 97, 139
List the prime factors of 12720.
2, 3, 5, 53
What are the prime factors of 1242?
2, 3, 23
List the prime factors of 115187.
229, 503
List the prime factors of 19575.
3, 5, 29
List the prime factors of 3623.
3623
What are the prime factors of 9132?
2, 3, 761
List the prime factors of 18288.
2, 3, 127
What are the prime factors of 6878?
2, 19, 181
What are the prime factors of 6591?
3, 13
What are the prime factors of 2567?
17, 151
What are the prime factors of 72570?
2, 3, 5, 41, 59
What are the prime factors of 2378?
2, 29, 41
List the prime factors of 65183.
65183
What are the prime factors of 828?
2, 3, 23
What are the prime factors of 62663?
223, 281
What are the prime factors of 705?
3, 5, 47
What are the prime factors of 36442?
2, 7, 19, 137
What are the prime factors of 64193?
23, 2791
What are the prime factors of 127323?
3, 7, 43, 47
What are the prime factors of 6714?
2, 3, 373
List the prime factors of 10686.
2, 3, 13, 137
List the prime factors of 1239.
3, 7, 59
List the prime factors of 675.
3, 5
What are the prime factors of 11193?
3, 7, 13, 41
List the prime factors of 3484.
2, 13, 67
What are the prime factors of 44563?
44563
What are the prime factors of 977?
977
What are the prime factors of 23051?
7, 37, 89
List the prime factors of 10969.
7, 1567
List the prime factors of 28902.
2, 3, 4817
What are the prime factors of 1240?
2, 5, 31
List the prime factors of 15675.
3, 5, 11, 19
List the prime factors of 1347.
3, 449
List the prime factors of 25451.
31, 821
What are the prime factors of 8857?
17, 521
What are the prime factors of 9363?
3, 3121
What are the prime factors of 7624?
2, 953
List the prime factors of 774.
2, 3, 43
List the prime factors of 1222.
2, 13, 47
List the prime factors of 2996.
2, 7, 107
What are the prime factors of 4243?
4243
What are the prime factors of 14844?
2, 3, 1237
List the prime factors of 74784.
2, 3, 19, 41
What are the prime factors of 49692?
2, 3, 41, 101
What are the prime factors of 54333?
3, 6037
List the prime factors of 406.
2, 7, 29
What are the prime factors of 723?
3, 241
List the prime factors of 48241.
19, 2539
List the prime factors of 2826.
2, 3, 157
List the prime factors of 10799.
10799
List the prime factors of 3372.
2, 3, 281
What are the prime factors of 31881?
3, 10627
List the prime factors of 152358.
2, 3, 67, 379
List the prime factors of 10765.
5, 2153
What are the prime factors of 2251?
2251
List the prime factors of 18027.
3, 2003
List the prime factors of 3957.
3, 1319
List the prime factors of 26159.
7, 37, 101
List the prime factors of 150.
2, 3, 5
List the prime factors of 56791.
7, 19, 61
What are the prime factors of 51329?
51329
List the prime factors of 43818.
2, 3, 67, 109
List the prime factors of 3683.
29, 127
List the prime factors of 26897.
13, 2069
List the prime factors of 53.
53
List the prime factors of 239.
239
What are the prime factors of 1332?
2, 3, 37
What are the prime factors of 47445?
3, 5, 3163
List the prime factors of 3139.
43, 73
List the prime factors of 2006.
2, 17, 59
What are the prime factors of 2101?
11, 191
What are the prime factors of 253?
11, 23
What are the prime factors of 63269?
151, 419
List the prime factors of 680.
2, 5, 17
What are the prime factors of 1892?
2, 11, 43
What are the prime factors of 33189?
3, 13, 23, 37
List the prime factors of 63221.
191, 331
What are the prime factors of 3861?
3, 11, 13
What are the prime factors of 123783?
3, 11, 31
What are the prime factors of 1037?
17, 61
What are the prime factors of 2888?
2, 19
What are the prime factors of 106141?
7, 59, 257
What are the prime factors of 1821?
3, 607
List the prime factors of 56353.
11, 47, 109
What are the prime factors of 50660?
2, 5, 17, 149
List the prime factors of 873.
3, 97
What are the prime factors of 1542?
2, 3, 257
List the prime factors of 161.
7, 23
What are the prime factors of 31165?
5, 23, 271
What are the prime factors of 55966?
2, 27983
List the prime factors of 69624.
2, 3, 967
List the prime factors of 161.
7, 23
What are the prime factors of 14517?
3, 1613
What are the prime factors of 67936?
2, 11, 193
What are the prime factors of 3340?
2, 5, 167
List the prime factors of 6840.
2, 3, 5, 19
What are the prime factors of 1184?
2, 37
What are the prime factors of 1956?
2, 3, 163
What are the prime factors of 662?
2, 331
What are the prime factors of 44?
2, 11
List the prime factors of 42865.
5, 8573
What are the prime factors of 6759?
3, 751
What are the prime factors of 4300?
2, 5, 43
What are the prime factors of 2218?
2, 1109
What are the prime factors of 8891?
17, 523
What are the prime factors of 78536?
2, 9817
What are the prime factors of 14857?
83, 179
List the prime factors of 31857.
3, 7, 37, 41
List the prime factors of 986.
2, 17, 29
List the prime factors of 5652.
2, 3, 157
What are the prime factors of 170?
2, 5, 17
List the prime factors of 9050.
2, 5, 181
What are the prime factors of 20612?
2, 5153
What are the prime factors of 43637?
11, 3967
What are the prime factors of 5379?
3, 11, 163
List the prime factors of 1909.
23, 83
What are the prime factors of 5007?
3, 1669
What are the prime factors of 1048?
2, 131
What are the prime factors of 6448?
2, 13, 31
List the prime factors of 3047.
11, 277
What are the prime factors of 18640?
2, 5, 233
What are the prime factors of 30129?
3, 11, 83
List the prime factors of 16959.
3, 5653
What are the prime factors of 4224?
2, 3, 11
List the prime factors of 7072.
2, 13, 17
What are the prime factors of 15847?
13, 23, 53
List the prime factors of 43727.
73, 599
List the prime factors of 223.
223
What are the prime factors of 41837?
17, 23, 107
List the prime factors of 16354.
2, 13, 17, 37
List the prime factors of 6147.
3, 683
List the prime factors of 714.
2, 3, 7, 17
List the prime factors of 3231.
3, 359
List the prime factors of 24888.
2, 3, 17, 61
List the prime factors of 5193.
3, 577
What are the prime factors of 483?
3, 7, 23
What are the prime factors of 43085?
5, 7, 1231
What are the prime factors of 22480?
2, 5, 281
List the prime factors of 11422.
2, 5711
List the prime factors of 1694.
2, 7, 11
What are the prime factors of 2912?
2, 7, 13
List the prime factors of 9543.
3, 3181
List the prime factors of 17230.
2, 5, 1723
What are the prime factors of 50776?
2, 11, 577
What are the prime factors of 329?
7, 47
List the prime factors of 1471.
1471
List the prime factors of 2312.
2, 17
List the prime factors of 862.
2, 431
What are the prime factors of 80121?
3, 17, 1571
List the prime factors of 7834.
2, 3917
What are the prime factors of 2282?
2, 7, 163
What are the prime factors of 122296?
2, 15287
What are the prime factors of 2995?
5, 599
What are the prime factors of 107091?
3, 73, 163
What are the prime factors of 257?
257
List the prime factors of 38451.
3, 7, 1831
List the prime factors of 5595.
3, 5, 373
What are the prime factors of 1895?
5, 379
List the prime factors of 17358.
2, 3, 11, 263
List the prime factors of 1595.
5, 11, 29
What are the prime factors of 3589?
37, 97
List the prime factors of 1889.
1889
What are the prime factors of 493?
17, 29
List the prime factors of 109486.
2, 13, 4211
What are the prime factors of 59?
59
List the prime factors of 5358.
2, 3, 19, 47
What are the prime factors of 6619?
6619
List the prime factors of 93251.
93251
What are the prime factors of 41664?
2, 3, 7, 31
List the prime factors of 89721.
3, 3323
List the prime factors of 6217.
6217
List the prime factors of 14245.
5, 7, 11, 37
What are the prime factors of 7129?
7129
What are the prime factors of 31442?
2, 79, 199
What are the prime factors of 2388?
2, 3, 199
List the prime factors of 1222.
2, 13, 47
What are the prime factors of 4281?
3, 1427
List the prime factors of 11607.
3, 53, 73
What are the prime factors of 5198?
2, 23, 113
What are the prime factors of 27326?
2, 13, 1051
What are the prime factors of 513?
3, 19
List the prime factors of 56483.
7, 8069
List the prime factors of 6893.
61, 113
What are the prime factors of 1010?
2, 5, 101
List the prime factors of 57899.
57899
What are the prime factors of 507?
3, 13
What are the prime factors of 2250?
2, 3, 5
What are the prime factors of 1993?
1993
Wh